{"id":14,"date":"2021-03-02T13:00:15","date_gmt":"2021-03-02T13:00:15","guid":{"rendered":"https:\/\/csciuciulea.md\/?page_id=14"},"modified":"2024-05-29T13:40:48","modified_gmt":"2024-05-29T13:40:48","slug":"program-de-lucru","status":"publish","type":"page","link":"https:\/\/csciuciulea.md\/?page_id=14","title":{"rendered":"Program de lucru"},"content":{"rendered":"<p style=\"text-align: center;\"><strong><u>INSTITU\u0162IE MEDICO-SANITAR\u0102 PUBLIC\u0102<\/u><\/strong><br \/>\n<strong><u>CENTRUL DE S\u0102N\u0102TATE CIUCIU<\/u><u>LEA<\/u><\/strong><br \/>\n<strong><u>ACTIVEAZA IN 3 LOCALITATI:<\/u><\/strong><\/p>\n<p style=\"text-align: center;\"><strong><span style=\"color: #800000;\"><u>1.S.CICIULEA<\/u><\/span><\/strong><\/p>\n<p style=\"text-align: center;\"><strong><u>PROGRAM DE LUCRU:<\/u><\/strong><br \/>\n<strong>ZILNIC DE LA ORELE\u00a08.00 P\u00ceN\u0102 LA 17.00<\/strong><br \/>\n<strong>IN ZIUA DE MIERCURI MEDICUL DE FAMILIE CHIRONDA OXANA SE AFLA IN SATELE VIISOARA SI MOARA-DOMNEASCA<\/strong><br \/>\n<strong>SIMBATA DE LA ORELE 8.00\u00a0 P\u00ceN\u0102 LA 13.00<\/strong><\/p>\n<p style=\"text-align: center;\"><strong><span style=\"color: #800000;\">2. S.VIISOARA<\/span><\/strong><br \/>\n<u><\/u><\/p>\n<p style=\"text-align: center;\"><strong><u>PROGRAM DE LUCRU:<\/u><\/strong><br \/>\n<strong><u>MEDICUL DE FAMILIE CHIRONDA OXANA SE AFLA IN FIECARE ZI\u00a0 DE MIERCURI, IN RESTUL ZILELOR\u00a0 SUNT ASISTENTELE MEDICALE<\/u><\/strong><br \/>\n<strong>ZILNIC DE LA\u00a0 ORELE 8.00\u00a0 P\u00ceN\u0102 LA 17.00<\/strong><br \/>\n<strong>SIMBATA DE LA ORELE 8.00\u00a0 P\u00ceN\u0102 LA 13.00<\/strong><\/p>\n<p style=\"text-align: center;\"><strong><span style=\"color: #800000;\">3. S. MOARA-DOMNEASCA<\/span><\/strong><br \/>\n<u><\/u><\/p>\n<p style=\"text-align: center;\"><strong><u>PROGRAM DE LUCRU:<\/u><\/strong><br \/>\n<strong><u>MEDICUL DE FAMILIE CHIRONDA OXANA SE AFLA IN FIECARE ZI\u00a0 DE MIERCURI, IN RESTUL ZILELOR\u00a0 SUNT ASISTENTELE MEDICALE<\/u><\/strong><br \/>\n<strong>ZILNIC DE LA ORELE 8.00 P\u00ceN\u0102 LA 17.00<\/strong><br \/>\n<strong>SIMBATA DE LA ORELE 8.00 P\u00ceN\u0102 LA 13.00<\/strong><\/p>\n<p style=\"text-align: center;\"><strong>ZI DE ODIHN\u0102 \u2013DUMINIC\u0102<\/strong><\/p>\n","protected":false},"excerpt":{"rendered":"<p>INSTITU\u0162IE MEDICO-SANITAR\u0102 PUBLIC\u0102 CENTRUL DE S\u0102N\u0102TATE CIUCIULEA ACTIVEAZA IN 3 LOCALITATI: 1.S.CICIULEA PROGRAM DE LUCRU: ZILNIC DE LA ORELE\u00a08.00 P\u00ceN\u0102 LA 17.00 IN ZIUA DE MIERCURI MEDICUL DE FAMILIE CHIRONDA OXANA SE AFLA IN SATELE VIISOARA SI MOARA-DOMNEASCA SIMBATA DE LA ORELE 8.00\u00a0 P\u00ceN\u0102 LA [&hellip;]<\/p>\n","protected":false},"author":2,"featured_media":0,"parent":0,"menu_order":0,"comment_status":"closed","ping_status":"closed","template":"","meta":{"footnotes":""},"class_list":["post-14","page","type-page","status-publish","hentry"],"_links":{"self":[{"href":"https:\/\/csciuciulea.md\/index.php?rest_route=\/wp\/v2\/pages\/14","targetHints":{"allow":["GET"]}}],"collection":[{"href":"https:\/\/csciuciulea.md\/index.php?rest_route=\/wp\/v2\/pages"}],"about":[{"href":"https:\/\/csciuciulea.md\/index.php?rest_route=\/wp\/v2\/types\/page"}],"author":[{"embeddable":true,"href":"https:\/\/csciuciulea.md\/index.php?rest_route=\/wp\/v2\/users\/2"}],"replies":[{"embeddable":true,"href":"https:\/\/csciuciulea.md\/index.php?rest_route=%2Fwp%2Fv2%2Fcomments&post=14"}],"version-history":[{"count":5,"href":"https:\/\/csciuciulea.md\/index.php?rest_route=\/wp\/v2\/pages\/14\/revisions"}],"predecessor-version":[{"id":154,"href":"https:\/\/csciuciulea.md\/index.php?rest_route=\/wp\/v2\/pages\/14\/revisions\/154"}],"wp:attachment":[{"href":"https:\/\/csciuciulea.md\/index.php?rest_route=%2Fwp%2Fv2%2Fmedia&parent=14"}],"curies":[{"name":"wp","href":"https:\/\/api.w.org\/{rel}","templated":true}]}}